{"id":708,"date":"2024-03-26T10:57:54","date_gmt":"2024-03-26T10:57:54","guid":{"rendered":"https:\/\/galleriskart.is\/?post_type=product&#038;p=708"},"modified":"2025-01-07T16:26:44","modified_gmt":"2025-01-07T16:26:44","slug":"silfur-halsmen-med-ametist-stein","status":"publish","type":"product","link":"https:\/\/galleriskart.is\/pl\/product\/silfur-halsmen-med-ametist-stein\/","title":{"rendered":"Srebrny naszyjnik z kamieniem ametystowym"},"content":{"rendered":"<p><span style=\"font-family\">Dzia\u0142a na stres, jest bardzo silny i ochronny. Poprawia pami\u0119\u0107 i \u0142agodzi smutek. Dobrze trzyma\u0107 na nocnym stoliku na bezsenno\u015b\u0107 i dla tych, kt\u00f3rzy s\u0105 przyt\u0142oczeni my\u015blami.<\/span><\/p>","protected":false},"excerpt":{"rendered":"<p>Dzia\u0142a na stres, jest bardzo silny i ochronny. Poprawia pami\u0119\u0107 i \u0142agodzi smutek. Dobrze trzyma\u0107 na nocnym stoliku na bezsenno\u015b\u0107 i dla tych, kt\u00f3rzy s\u0105 przyt\u0142oczeni my\u015blami.<\/p>","protected":false},"featured_media":763,"template":"","meta":[],"product_brand":[],"product_cat":[47],"product_tag":[],"class_list":{"0":"post-708","1":"product","2":"type-product","3":"status-publish","4":"has-post-thumbnail","6":"product_cat-skartgripir","8":"first","9":"instock","10":"taxable","11":"shipping-taxable","12":"purchasable","13":"product-type-simple"},"_links":{"self":[{"href":"https:\/\/galleriskart.is\/pl\/wp-json\/wp\/v2\/product\/708","targetHints":{"allow":["GET"]}}],"collection":[{"href":"https:\/\/galleriskart.is\/pl\/wp-json\/wp\/v2\/product"}],"about":[{"href":"https:\/\/galleriskart.is\/pl\/wp-json\/wp\/v2\/types\/product"}],"wp:featuredmedia":[{"embeddable":true,"href":"https:\/\/galleriskart.is\/pl\/wp-json\/wp\/v2\/media\/763"}],"wp:attachment":[{"href":"https:\/\/galleriskart.is\/pl\/wp-json\/wp\/v2\/media?parent=708"}],"wp:term":[{"taxonomy":"product_brand","embeddable":true,"href":"https:\/\/galleriskart.is\/pl\/wp-json\/wp\/v2\/product_brand?post=708"},{"taxonomy":"product_cat","embeddable":true,"href":"https:\/\/galleriskart.is\/pl\/wp-json\/wp\/v2\/product_cat?post=708"},{"taxonomy":"product_tag","embeddable":true,"href":"https:\/\/galleriskart.is\/pl\/wp-json\/wp\/v2\/product_tag?post=708"}],"curies":[{"name":"wp","href":"https:\/\/api.w.org\/{rel}","templated":true}]}}

<p><span style="font-family">Działa na stres, jest bardzo silny i ochronny. Poprawia pamięć i łagodzi smutek. Dobrze trzymać na nocnym stoliku na bezsenność i dla tych, którzy są przytłoczeni myślami.</span></p>

<p>Działa na stres, jest bardzo silny i ochronny. Poprawia pamięć i łagodzi smutek. Dobrze trzymać na nocnym stoliku na bezsenność i dla tych, którzy są przytłoczeni myślami.</p>
