{"id":5835,"date":"2025-02-26T10:33:11","date_gmt":"2025-02-26T10:33:11","guid":{"rendered":"https:\/\/galleriskart.is\/product\/nytt-rosakvars-mani-halsmen-og-eyrnalokkar\/"},"modified":"2025-03-03T12:54:07","modified_gmt":"2025-03-03T12:54:07","slug":"nytt-rosakvars-mani-halsmen-og-eyrnalokkar","status":"publish","type":"product","link":"https:\/\/galleriskart.is\/pl\/product\/nytt-rosakvars-mani-halsmen-og-eyrnalokkar\/","title":{"rendered":"Nowy naszyjnik i kolczyki z r\u00f3\u017cowego kwarcu ksi\u0119\u017cycowego"},"content":{"rendered":"<p>\u0141a\u0144cuch stalowy 50cm<\/p>\n<p>Kolczyki ze stali<\/p>\n<p>\u0141a\u0144cuch stalowy<\/p>\n<p>Kamie\u0144 naturalny<\/p>\n<p><span style=\"font-family\">Kwarc r\u00f3\u017cowy jest kamieniem mi\u0142o\u015bci, wzmacnia komunikacj\u0119, bezwarunkow\u0105 mi\u0142o\u015b\u0107 i ochron\u0119. Uspokaja i rozgrzewa czakr\u0119 serca oraz pomaga nam wybacza\u0107, tolerowa\u0107 i pozwala\u0107 na wi\u0119cej mi\u0142o\u015bci i uczucia w naszym \u017cyciu.<\/span><\/p>\n<p><span style=\"font-family: Roboto, sans-serif;font-size: 14px;font-style: normal;font-weight: 400;letter-spacing: normal;text-align: start;text-indent: 0px;text-transform: none;text-decoration: none;float: none\">I przyjd\u017a do ciebie <\/span>W<span style=\"font-family: Roboto, sans-serif;font-size: 14px;font-style: normal;font-weight: 400;letter-spacing: normal;text-align: start;text-indent: 0px;text-transform: none;text-decoration: none;float: none\"> pude\u0142ka na bi\u017cuteri\u0119 z recyklingu<\/span><\/p>","protected":false},"excerpt":{"rendered":"<p>\u0141a\u0144cuch stalowy 50 cm Kolczyki ze stali \u0141a\u0144cuch stalowy Kamie\u0144 naturalny Kwarc r\u00f3\u017cowy to kamie\u0144 mi\u0142o\u015bci, wzmacnia komunikacj\u0119, bezwarunkow\u0105 mi\u0142o\u015b\u0107 i ochron\u0119. Uspokaja i ogrzewa centrum serca, pomaga nam wybacza\u0107, tolerowa\u0107 i wpuszcza\u0107 wi\u0119cej mi\u0142o\u015bci i uczucia do naszego \u017cycia. I przychodzi do Ciebie w pude\u0142kach na bi\u017cuteri\u0119 z recyklingu<\/p>","protected":false},"featured_media":5834,"template":"","meta":[],"product_brand":[],"product_cat":[57,41,42,47,49,50,51],"product_tag":[],"class_list":{"0":"post-5835","1":"product","2":"type-product","3":"status-publish","4":"has-post-thumbnail","6":"product_cat-draumafangarar","7":"product_cat-eyrnalokkar","8":"product_cat-halsmen","9":"product_cat-skartgripir","10":"product_cat-stal-2","11":"product_cat-stal-eyrnalokkar","12":"product_cat-stal-halsmen","14":"first","15":"instock","16":"taxable","17":"shipping-taxable","18":"purchasable","19":"product-type-simple"},"_links":{"self":[{"href":"https:\/\/galleriskart.is\/pl\/wp-json\/wp\/v2\/product\/5835","targetHints":{"allow":["GET"]}}],"collection":[{"href":"https:\/\/galleriskart.is\/pl\/wp-json\/wp\/v2\/product"}],"about":[{"href":"https:\/\/galleriskart.is\/pl\/wp-json\/wp\/v2\/types\/product"}],"wp:featuredmedia":[{"embeddable":true,"href":"https:\/\/galleriskart.is\/pl\/wp-json\/wp\/v2\/media\/5834"}],"wp:attachment":[{"href":"https:\/\/galleriskart.is\/pl\/wp-json\/wp\/v2\/media?parent=5835"}],"wp:term":[{"taxonomy":"product_brand","embeddable":true,"href":"https:\/\/galleriskart.is\/pl\/wp-json\/wp\/v2\/product_brand?post=5835"},{"taxonomy":"product_cat","embeddable":true,"href":"https:\/\/galleriskart.is\/pl\/wp-json\/wp\/v2\/product_cat?post=5835"},{"taxonomy":"product_tag","embeddable":true,"href":"https:\/\/galleriskart.is\/pl\/wp-json\/wp\/v2\/product_tag?post=5835"}],"curies":[{"name":"wp","href":"https:\/\/api.w.org\/{rel}","templated":true}]}}

Nowy naszyjnik i kolczyki z różowego kwarcu księżycowego

<p>Łańcuch stalowy 50cm</p>
<p>Kolczyki ze stali</p>
<p>Łańcuch stalowy</p>
<p>Kamień naturalny</p>
<p><span style="font-family">Kwarc różowy jest kamieniem miłości, wzmacnia komunikację, bezwarunkową miłość i ochronę. Uspokaja i rozgrzewa czakrę serca oraz pomaga nam wybaczać, tolerować i pozwalać na więcej miłości i uczucia w naszym życiu.</span></p>
<p><span style="font-family: Roboto, sans-serif;font-size: 14px;font-style: normal;font-weight: 400;letter-spacing: normal;text-align: start;text-indent: 0px;text-transform: none;text-decoration: none;float: none">I przyjdź do ciebie </span>W<span style="font-family: Roboto, sans-serif;font-size: 14px;font-style: normal;font-weight: 400;letter-spacing: normal;text-align: start;text-indent: 0px;text-transform: none;text-decoration: none;float: none"> pudełka na biżuterię z recyklingu</span></p>

<p>Łańcuch stalowy 50 cm Kolczyki ze stali Łańcuch stalowy Kamień naturalny Kwarc różowy to kamień miłości, wzmacnia komunikację, bezwarunkową miłość i ochronę. Uspokaja i ogrzewa centrum serca, pomaga nam wybaczać, tolerować i wpuszczać więcej miłości i uczucia do naszego życia. I przychodzi do Ciebie w pudełkach na biżuterię z recyklingu</p>
