{"id":5827,"date":"2025-02-26T10:25:28","date_gmt":"2025-02-26T10:25:28","guid":{"rendered":"https:\/\/galleriskart.is\/product\/nytt-amithist-hjarta-halsmen-og-eyrnalokkar\/"},"modified":"2025-02-26T10:25:29","modified_gmt":"2025-02-26T10:25:29","slug":"nytt-amithist-hjarta-halsmen-og-eyrnalokkar","status":"publish","type":"product","link":"https:\/\/galleriskart.is\/pl\/product\/nytt-amithist-hjarta-halsmen-og-eyrnalokkar\/","title":{"rendered":"Nowy naszyjnik i kolczyki w kszta\u0142cie serca Amithist"},"content":{"rendered":"<p>\u0141a\u0144cuch 50cm stalowy<\/p>\n<p>Kolczyki ze stali<\/p>","protected":false},"excerpt":{"rendered":"<p>\u0141a\u0144cuszek 50cm stal Kolczyki stal<\/p>","protected":false},"featured_media":5826,"template":"","meta":[],"product_brand":[],"product_cat":[57,41,42,47,49,50,51],"product_tag":[],"class_list":{"0":"post-5827","1":"product","2":"type-product","3":"status-publish","4":"has-post-thumbnail","6":"product_cat-draumafangarar","7":"product_cat-eyrnalokkar","8":"product_cat-halsmen","9":"product_cat-skartgripir","10":"product_cat-stal-2","11":"product_cat-stal-eyrnalokkar","12":"product_cat-stal-halsmen","14":"first","15":"instock","16":"taxable","17":"shipping-taxable","18":"purchasable","19":"product-type-simple"},"_links":{"self":[{"href":"https:\/\/galleriskart.is\/pl\/wp-json\/wp\/v2\/product\/5827","targetHints":{"allow":["GET"]}}],"collection":[{"href":"https:\/\/galleriskart.is\/pl\/wp-json\/wp\/v2\/product"}],"about":[{"href":"https:\/\/galleriskart.is\/pl\/wp-json\/wp\/v2\/types\/product"}],"wp:featuredmedia":[{"embeddable":true,"href":"https:\/\/galleriskart.is\/pl\/wp-json\/wp\/v2\/media\/5826"}],"wp:attachment":[{"href":"https:\/\/galleriskart.is\/pl\/wp-json\/wp\/v2\/media?parent=5827"}],"wp:term":[{"taxonomy":"product_brand","embeddable":true,"href":"https:\/\/galleriskart.is\/pl\/wp-json\/wp\/v2\/product_brand?post=5827"},{"taxonomy":"product_cat","embeddable":true,"href":"https:\/\/galleriskart.is\/pl\/wp-json\/wp\/v2\/product_cat?post=5827"},{"taxonomy":"product_tag","embeddable":true,"href":"https:\/\/galleriskart.is\/pl\/wp-json\/wp\/v2\/product_tag?post=5827"}],"curies":[{"name":"wp","href":"https:\/\/api.w.org\/{rel}","templated":true}]}}

Nowy naszyjnik i kolczyki w kształcie serca Amithist

<p>Łańcuch 50cm stalowy</p>
<p>Kolczyki ze stali</p>

<p>Łańcuszek 50cm stal Kolczyki stal</p>
