{"id":3526,"date":"2024-03-26T12:39:18","date_gmt":"2024-03-26T12:39:18","guid":{"rendered":"https:\/\/galleriskart.is\/?post_type=product&#038;p=3526"},"modified":"2025-01-07T15:42:52","modified_gmt":"2025-01-07T15:42:52","slug":"nytt-fallegt-sett-med-graenum-gler-steinum","status":"publish","type":"product","link":"https:\/\/galleriskart.is\/pl\/product\/nytt-fallegt-sett-med-graenum-gler-steinum\/","title":{"rendered":"pi\u0119kny komplet z zielonymi szklanymi kamieniami"},"content":{"rendered":"<p>Materia\u0142 stal w \u0142a\u0144cuchu<\/p>\n<p>Bi\u017cuteria jest dostarczana w pi\u0119knych pude\u0142kach na bi\u017cuteri\u0119 z recyklingu<\/p>","protected":false},"excerpt":{"rendered":"<p>Efni st\u00e1l \u00ed ke\u00f0ju Skartgripurinn afhendist \u00ed fallegum endurunnum skartgripa\u00f6skjum<\/p>","protected":false},"featured_media":3587,"template":"","meta":[],"product_brand":[],"product_cat":[41,42,47],"product_tag":[],"class_list":{"0":"post-3526","1":"product","2":"type-product","3":"status-publish","4":"has-post-thumbnail","6":"product_cat-eyrnalokkar","7":"product_cat-halsmen","8":"product_cat-skartgripir","10":"first","11":"instock","12":"taxable","13":"shipping-taxable","14":"purchasable","15":"product-type-simple"},"_links":{"self":[{"href":"https:\/\/galleriskart.is\/pl\/wp-json\/wp\/v2\/product\/3526","targetHints":{"allow":["GET"]}}],"collection":[{"href":"https:\/\/galleriskart.is\/pl\/wp-json\/wp\/v2\/product"}],"about":[{"href":"https:\/\/galleriskart.is\/pl\/wp-json\/wp\/v2\/types\/product"}],"wp:featuredmedia":[{"embeddable":true,"href":"https:\/\/galleriskart.is\/pl\/wp-json\/wp\/v2\/media\/3587"}],"wp:attachment":[{"href":"https:\/\/galleriskart.is\/pl\/wp-json\/wp\/v2\/media?parent=3526"}],"wp:term":[{"taxonomy":"product_brand","embeddable":true,"href":"https:\/\/galleriskart.is\/pl\/wp-json\/wp\/v2\/product_brand?post=3526"},{"taxonomy":"product_cat","embeddable":true,"href":"https:\/\/galleriskart.is\/pl\/wp-json\/wp\/v2\/product_cat?post=3526"},{"taxonomy":"product_tag","embeddable":true,"href":"https:\/\/galleriskart.is\/pl\/wp-json\/wp\/v2\/product_tag?post=3526"}],"curies":[{"name":"wp","href":"https:\/\/api.w.org\/{rel}","templated":true}]}}

piękny komplet z zielonymi szklanymi kamieniami

<p>Materiał stal w łańcuchu</p>
<p>Biżuteria jest dostarczana w pięknych pudełkach na biżuterię z recyklingu</p>

<p>Efni stál í keðju Skartgripurinn afhendist í fallegum endurunnum skartgripaöskjum</p>
