{"id":3517,"date":"2024-03-26T12:38:53","date_gmt":"2024-03-26T12:38:53","guid":{"rendered":"https:\/\/galleriskart.is\/?post_type=product&#038;p=3517"},"modified":"2024-08-01T14:25:46","modified_gmt":"2024-08-01T14:25:46","slug":"nytt-fallegt-sett-med-svortum-steinum-og-semeliusteinum","status":"publish","type":"product","link":"https:\/\/galleriskart.is\/pl\/product\/nytt-fallegt-sett-med-svortum-steinum-og-semeliusteinum\/","title":{"rendered":"pi\u0119kny komplet z czarnymi kamieniami i kamieniami semelii"},"content":{"rendered":"<p>Materia\u0142 stal<\/p>\n<p>Bi\u017cuteria jest dostarczana w pi\u0119knych pude\u0142kach na bi\u017cuteri\u0119 z recyklingu<\/p>","protected":false},"excerpt":{"rendered":"<p>Materia\u0142: stal. Bi\u017cuteria jest dostarczana w pi\u0119knych pude\u0142kach z recyklingu.<\/p>","protected":false},"featured_media":3577,"template":"","meta":[],"product_brand":[],"product_cat":[47,50,51,56],"product_tag":[],"class_list":{"0":"post-3517","1":"product","2":"type-product","3":"status-publish","4":"has-post-thumbnail","6":"product_cat-skartgripir","7":"product_cat-stal-eyrnalokkar","8":"product_cat-stal-halsmen","9":"product_cat-stal-hringir","11":"first","12":"instock","13":"taxable","14":"shipping-taxable","15":"purchasable","16":"product-type-simple"},"_links":{"self":[{"href":"https:\/\/galleriskart.is\/pl\/wp-json\/wp\/v2\/product\/3517","targetHints":{"allow":["GET"]}}],"collection":[{"href":"https:\/\/galleriskart.is\/pl\/wp-json\/wp\/v2\/product"}],"about":[{"href":"https:\/\/galleriskart.is\/pl\/wp-json\/wp\/v2\/types\/product"}],"wp:featuredmedia":[{"embeddable":true,"href":"https:\/\/galleriskart.is\/pl\/wp-json\/wp\/v2\/media\/3577"}],"wp:attachment":[{"href":"https:\/\/galleriskart.is\/pl\/wp-json\/wp\/v2\/media?parent=3517"}],"wp:term":[{"taxonomy":"product_brand","embeddable":true,"href":"https:\/\/galleriskart.is\/pl\/wp-json\/wp\/v2\/product_brand?post=3517"},{"taxonomy":"product_cat","embeddable":true,"href":"https:\/\/galleriskart.is\/pl\/wp-json\/wp\/v2\/product_cat?post=3517"},{"taxonomy":"product_tag","embeddable":true,"href":"https:\/\/galleriskart.is\/pl\/wp-json\/wp\/v2\/product_tag?post=3517"}],"curies":[{"name":"wp","href":"https:\/\/api.w.org\/{rel}","templated":true}]}}

piękny komplet z czarnymi kamieniami i kamieniami semelii

<p>Materiał stal</p>
<p>Biżuteria jest dostarczana w pięknych pudełkach na biżuterię z recyklingu</p>

<p>Materiał: stal. Biżuteria jest dostarczana w pięknych pudełkach z recyklingu.</p>
