{"id":3513,"date":"2024-03-26T12:38:53","date_gmt":"2024-03-26T12:38:53","guid":{"rendered":"https:\/\/galleriskart.is\/?post_type=product&#038;p=3513"},"modified":"2024-08-01T14:25:21","modified_gmt":"2024-08-01T14:25:21","slug":"nytt-fallegt-sett-med-blaum-steinum-og-semeliusteinum","status":"publish","type":"product","link":"https:\/\/galleriskart.is\/pl\/product\/nytt-fallegt-sett-med-blaum-steinum-og-semeliusteinum\/","title":{"rendered":"pi\u0119kny zestaw z niebieskimi kamieniami i kamieniami semelii"},"content":{"rendered":"<p>Z\u0142ota stal<\/p>\n<p>Dostarczane w pude\u0142kach na bi\u017cuteri\u0119 z recyklingu<\/p>","protected":false},"excerpt":{"rendered":"<p>Stal poz\u0142acana Dostarczane w pude\u0142kach na bi\u017cuteri\u0119 z recyklingu<\/p>","protected":false},"featured_media":3567,"template":"","meta":[],"product_brand":[],"product_cat":[47,50,51,56],"product_tag":[],"class_list":{"0":"post-3513","1":"product","2":"type-product","3":"status-publish","4":"has-post-thumbnail","6":"product_cat-skartgripir","7":"product_cat-stal-eyrnalokkar","8":"product_cat-stal-halsmen","9":"product_cat-stal-hringir","11":"first","12":"instock","13":"taxable","14":"shipping-taxable","15":"purchasable","16":"product-type-simple"},"_links":{"self":[{"href":"https:\/\/galleriskart.is\/pl\/wp-json\/wp\/v2\/product\/3513","targetHints":{"allow":["GET"]}}],"collection":[{"href":"https:\/\/galleriskart.is\/pl\/wp-json\/wp\/v2\/product"}],"about":[{"href":"https:\/\/galleriskart.is\/pl\/wp-json\/wp\/v2\/types\/product"}],"wp:featuredmedia":[{"embeddable":true,"href":"https:\/\/galleriskart.is\/pl\/wp-json\/wp\/v2\/media\/3567"}],"wp:attachment":[{"href":"https:\/\/galleriskart.is\/pl\/wp-json\/wp\/v2\/media?parent=3513"}],"wp:term":[{"taxonomy":"product_brand","embeddable":true,"href":"https:\/\/galleriskart.is\/pl\/wp-json\/wp\/v2\/product_brand?post=3513"},{"taxonomy":"product_cat","embeddable":true,"href":"https:\/\/galleriskart.is\/pl\/wp-json\/wp\/v2\/product_cat?post=3513"},{"taxonomy":"product_tag","embeddable":true,"href":"https:\/\/galleriskart.is\/pl\/wp-json\/wp\/v2\/product_tag?post=3513"}],"curies":[{"name":"wp","href":"https:\/\/api.w.org\/{rel}","templated":true}]}}

piękny zestaw z niebieskimi kamieniami i kamieniami semelii

<p>Złota stal</p>
<p>Dostarczane w pudełkach na biżuterię z recyklingu</p>

<p>Stal pozłacana Dostarczane w pudełkach na biżuterię z recyklingu</p>
