{"id":1709,"date":"2024-03-26T11:40:58","date_gmt":"2024-03-26T11:40:58","guid":{"rendered":"https:\/\/galleriskart.is\/?post_type=product&#038;p=1709"},"modified":"2025-01-07T16:39:42","modified_gmt":"2025-01-07T16:39:42","slug":"vn-128-ametist-gull-halsmen-og-eyrnalokkar","status":"publish","type":"product","link":"https:\/\/galleriskart.is\/pl\/product\/vn-128-ametist-gull-halsmen-og-eyrnalokkar\/","title":{"rendered":"Vn 128. Naszyjnik i kolczyki ze z\u0142ota ametystowego"},"content":{"rendered":"<p><span style=\"font-family\">Dzia\u0142a na stres, jest bardzo silny i ochronny. Poprawia pami\u0119\u0107 i \u0142agodzi smutek. Dobrze trzyma\u0107 na nocnym stoliku na bezsenno\u015b\u0107 i dla tych, kt\u00f3rzy s\u0105 przyt\u0142oczeni my\u015blami.<\/span><\/p>","protected":false},"excerpt":{"rendered":"<p>Dzia\u0142a na stres, jest bardzo silny i ochronny. Poprawia pami\u0119\u0107 i \u0142agodzi smutek. Dobrze trzyma\u0107 na nocnym stoliku na bezsenno\u015b\u0107 i dla tych, kt\u00f3rzy s\u0105 przyt\u0142oczeni my\u015blami.<\/p>","protected":false},"featured_media":1769,"template":"","meta":[],"product_brand":[],"product_cat":[57,47],"product_tag":[],"class_list":{"0":"post-1709","1":"product","2":"type-product","3":"status-publish","4":"has-post-thumbnail","6":"product_cat-draumafangarar","7":"product_cat-skartgripir","9":"first","10":"instock","11":"taxable","12":"shipping-taxable","13":"purchasable","14":"product-type-simple"},"_links":{"self":[{"href":"https:\/\/galleriskart.is\/pl\/wp-json\/wp\/v2\/product\/1709","targetHints":{"allow":["GET"]}}],"collection":[{"href":"https:\/\/galleriskart.is\/pl\/wp-json\/wp\/v2\/product"}],"about":[{"href":"https:\/\/galleriskart.is\/pl\/wp-json\/wp\/v2\/types\/product"}],"wp:featuredmedia":[{"embeddable":true,"href":"https:\/\/galleriskart.is\/pl\/wp-json\/wp\/v2\/media\/1769"}],"wp:attachment":[{"href":"https:\/\/galleriskart.is\/pl\/wp-json\/wp\/v2\/media?parent=1709"}],"wp:term":[{"taxonomy":"product_brand","embeddable":true,"href":"https:\/\/galleriskart.is\/pl\/wp-json\/wp\/v2\/product_brand?post=1709"},{"taxonomy":"product_cat","embeddable":true,"href":"https:\/\/galleriskart.is\/pl\/wp-json\/wp\/v2\/product_cat?post=1709"},{"taxonomy":"product_tag","embeddable":true,"href":"https:\/\/galleriskart.is\/pl\/wp-json\/wp\/v2\/product_tag?post=1709"}],"curies":[{"name":"wp","href":"https:\/\/api.w.org\/{rel}","templated":true}]}}

Vn 128. Naszyjnik i kolczyki ze złota ametystowego

<p><span style="font-family">Działa na stres, jest bardzo silny i ochronny. Poprawia pamięć i łagodzi smutek. Dobrze trzymać na nocnym stoliku na bezsenność i dla tych, którzy są przytłoczeni myślami.</span></p>

<p>Działa na stres, jest bardzo silny i ochronny. Poprawia pamięć i łagodzi smutek. Dobrze trzymać na nocnym stoliku na bezsenność i dla tych, którzy są przytłoczeni myślami.</p>
