{"id":1445,"date":"2024-03-26T11:30:49","date_gmt":"2024-03-26T11:30:49","guid":{"rendered":"https:\/\/galleriskart.is\/?post_type=product&#038;p=1445"},"modified":"2025-02-12T21:03:53","modified_gmt":"2025-02-12T21:03:53","slug":"labradorit-silfur-halsmen","status":"publish","type":"product","link":"https:\/\/galleriskart.is\/pl\/product\/labradorit-silfur-halsmen\/","title":{"rendered":"Naszyjnik ze srebra labradorytowego"},"content":{"rendered":"<p>Labradoryt to magiczny kamie\u0144, kt\u00f3ry w folklorze Eskimos\u00f3w by\u0142 uwa\u017cany za zamarzni\u0119t\u0105 zorz\u0119 polarn\u0105.&nbsp;<\/p>\n<p class=\"p1\">Labradoryt jest pe\u0142en pozytywno\u015bci, uwa\u017ca si\u0119, \u017ce odp\u0119dza negatywn\u0105 energi\u0119 i cz\u0119sto jest uwa\u017cany za jednego z najsilniejszych obro\u0144c\u00f3w kr\u00f3lestwa kamienia.&nbsp;<\/p>\n<p class=\"p1\">W tym pi\u0119knym niebieskim kamieniu mo\u017cna znale\u017a\u0107 l\u015bni\u0105ce niebieskie i \u017c\u00f3\u0142te powierzchnie. Labradoryt \u0142\u0105czy si\u0119 z trzecim okiem, nasz\u0105 intuicj\u0105 i ma pom\u00f3c nam zwi\u0119kszy\u0107 \u015bwiadomo\u015b\u0107 i podej\u015b\u0107 do rzeczy z otwartym umys\u0142em.<\/p>","protected":false},"excerpt":{"rendered":"<p>Labrador\u00edt (Labradorite) er t\u00f6frandi steinn sem \u00ed \u00fej\u00f3\u00f0s\u00f6gum In\u00fa\u00edta var talinn vera frosin nor\u00f0urlj\u00f3s.&nbsp; Labrador\u00edt&nbsp;sn\u00fdst um&nbsp;j\u00e1kv\u00e6\u00f0ni, \u00fea\u00f0 er tali\u00f0 f\u00e6la burt neikv\u00e6\u00f0a orku og er oft tali\u00f0 einn sterkasti verndari steinar\u00edkisins.&nbsp; \u00cd \u00feessum fallega bl\u00e1a steini m\u00e1 finna glampandi bl\u00e1a og gula fleti. Labrador\u00edt tengir vi\u00f0 \u00feri\u00f0ja auga\u00f0, inns\u00e6i\u00f0 okkar og \u00e1 a\u00f0 hj\u00e1lpa okkur [&hellip;]<\/p>\n","protected":false},"featured_media":1504,"template":"","meta":[],"product_brand":[],"product_cat":[57,47],"product_tag":[],"class_list":{"0":"post-1445","1":"product","2":"type-product","3":"status-publish","4":"has-post-thumbnail","6":"product_cat-draumafangarar","7":"product_cat-skartgripir","9":"first","10":"outofstock","11":"taxable","12":"shipping-taxable","13":"purchasable","14":"product-type-simple"},"_links":{"self":[{"href":"https:\/\/galleriskart.is\/pl\/wp-json\/wp\/v2\/product\/1445","targetHints":{"allow":["GET"]}}],"collection":[{"href":"https:\/\/galleriskart.is\/pl\/wp-json\/wp\/v2\/product"}],"about":[{"href":"https:\/\/galleriskart.is\/pl\/wp-json\/wp\/v2\/types\/product"}],"wp:featuredmedia":[{"embeddable":true,"href":"https:\/\/galleriskart.is\/pl\/wp-json\/wp\/v2\/media\/1504"}],"wp:attachment":[{"href":"https:\/\/galleriskart.is\/pl\/wp-json\/wp\/v2\/media?parent=1445"}],"wp:term":[{"taxonomy":"product_brand","embeddable":true,"href":"https:\/\/galleriskart.is\/pl\/wp-json\/wp\/v2\/product_brand?post=1445"},{"taxonomy":"product_cat","embeddable":true,"href":"https:\/\/galleriskart.is\/pl\/wp-json\/wp\/v2\/product_cat?post=1445"},{"taxonomy":"product_tag","embeddable":true,"href":"https:\/\/galleriskart.is\/pl\/wp-json\/wp\/v2\/product_tag?post=1445"}],"curies":[{"name":"wp","href":"https:\/\/api.w.org\/{rel}","templated":true}]}}

<p>Labradoryt to magiczny kamień, który w folklorze Eskimosów był uważany za zamarzniętą zorzę polarną.&nbsp;</p>
<p class="p1">Labradoryt jest pełen pozytywności, uważa się, że odpędza negatywną energię i często jest uważany za jednego z najsilniejszych obrońców królestwa kamienia.&nbsp;</p>
<p class="p1">W tym pięknym niebieskim kamieniu można znaleźć lśniące niebieskie i żółte powierzchnie. Labradoryt łączy się z trzecim okiem, naszą intuicją i ma pomóc nam zwiększyć świadomość i podejść do rzeczy z otwartym umysłem.</p>

<p>Labradorít (Labradorite) er töfrandi steinn sem í þjóðsögum Inúíta var talinn vera frosin norðurljós.&nbsp; Labradorít&nbsp;snýst um&nbsp;jákvæðni, það er talið fæla burt neikvæða orku og er oft talið einn sterkasti verndari steinaríkisins.&nbsp; Í þessum fallega bláa steini má finna glampandi bláa og gula fleti. Labradorít tengir við þriðja augað, innsæið okkar og á að hjálpa okkur [&hellip;]</p>
