{"id":1197,"date":"2024-03-26T11:18:55","date_gmt":"2024-03-26T11:18:55","guid":{"rendered":"https:\/\/galleriskart.is\/?post_type=product&#038;p=1197"},"modified":"2024-03-26T11:21:28","modified_gmt":"2024-03-26T11:21:28","slug":"silfur-halsmen-med-semeliustein","status":"publish","type":"product","link":"https:\/\/galleriskart.is\/pl\/product\/silfur-halsmen-med-semeliustein\/","title":{"rendered":"Srebrny naszyjnik z kamieniem p\u00f3\u0142szlachetnym"},"content":{"rendered":"<p>Materia\u0142 srebrny<\/p>","protected":false},"excerpt":{"rendered":"<p>Materia\u0142 srebrny<\/p>","protected":false},"featured_media":1257,"template":"","meta":[],"product_brand":[],"product_cat":[47],"product_tag":[],"class_list":{"0":"post-1197","1":"product","2":"type-product","3":"status-publish","4":"has-post-thumbnail","6":"product_cat-skartgripir","8":"first","9":"instock","10":"taxable","11":"shipping-taxable","12":"purchasable","13":"product-type-simple"},"_links":{"self":[{"href":"https:\/\/galleriskart.is\/pl\/wp-json\/wp\/v2\/product\/1197","targetHints":{"allow":["GET"]}}],"collection":[{"href":"https:\/\/galleriskart.is\/pl\/wp-json\/wp\/v2\/product"}],"about":[{"href":"https:\/\/galleriskart.is\/pl\/wp-json\/wp\/v2\/types\/product"}],"wp:featuredmedia":[{"embeddable":true,"href":"https:\/\/galleriskart.is\/pl\/wp-json\/wp\/v2\/media\/1257"}],"wp:attachment":[{"href":"https:\/\/galleriskart.is\/pl\/wp-json\/wp\/v2\/media?parent=1197"}],"wp:term":[{"taxonomy":"product_brand","embeddable":true,"href":"https:\/\/galleriskart.is\/pl\/wp-json\/wp\/v2\/product_brand?post=1197"},{"taxonomy":"product_cat","embeddable":true,"href":"https:\/\/galleriskart.is\/pl\/wp-json\/wp\/v2\/product_cat?post=1197"},{"taxonomy":"product_tag","embeddable":true,"href":"https:\/\/galleriskart.is\/pl\/wp-json\/wp\/v2\/product_tag?post=1197"}],"curies":[{"name":"wp","href":"https:\/\/api.w.org\/{rel}","templated":true}]}}

Srebrny naszyjnik z kamieniem półszlachetnym

<p>Materiał srebrny</p>
